{"id":84,"date":"2026-05-05T15:26:55","date_gmt":"2026-05-05T15:26:55","guid":{"rendered":"https:\/\/tiendanakama.cl\/?post_type=product&#038;p=84"},"modified":"2026-05-06T19:56:55","modified_gmt":"2026-05-06T19:56:55","slug":"posavasos-pequena-lulu","status":"publish","type":"product","link":"https:\/\/tiendanakama.cl\/?product=posavasos-pequena-lulu","title":{"rendered":"Posavasos Peque\u00f1a Lul\u00fa"},"content":{"rendered":"<ul>\n<li>Posavasos madera<\/li>\n<li>Estampados con sublimaci\u00f3n<\/li>\n<li>Ilustraciones Lul\u00fa, Toby, Anita, Beto. De la Serie Peque\u00f1a Lul\u00fa.<\/li>\n<\/ul>\n","protected":false},"excerpt":{"rendered":"<p>Posavasos madera Estampados con sublimaci\u00f3n Ilustraciones Lul\u00fa, Toby, Anita, Beto. De la Serie Peque\u00f1a Lul\u00fa.<\/p>\n","protected":false},"featured_media":85,"comment_status":"open","ping_status":"closed","template":"","meta":{"_uag_custom_page_level_css":"","site-sidebar-layout":"default","site-content-layout":"","ast-site-content-layout":"default","site-content-style":"default","site-sidebar-style":"default","ast-global-header-display":"","ast-banner-title-visibility":"","ast-main-header-display":"","ast-hfb-above-header-display":"","ast-hfb-below-header-display":"","ast-hfb-mobile-header-display":"","site-post-title":"","ast-breadcrumbs-content":"","ast-featured-img":"","footer-sml-layout":"","ast-disable-related-posts":"","theme-transparent-header-meta":"default","adv-header-id-meta":"","stick-header-meta":"","header-above-stick-meta":"","header-main-stick-meta":"","header-below-stick-meta":"","astra-migrate-meta-layouts":"set","ast-page-background-enabled":"default","ast-page-background-meta":{"desktop":{"background-color":"var(--ast-global-color-5)","background-image":"","background-repeat":"repeat","background-position":"center center","background-size":"auto","background-attachment":"scroll","background-type":"","background-media":"","overlay-type":"","overlay-color":"","overlay-opacity":"","overlay-gradient":""},"tablet":{"background-color":"","background-image":"","background-repeat":"repeat","background-position":"center center","background-size":"auto","background-attachment":"scroll","background-type":"","background-media":"","overlay-type":"","overlay-color":"","overlay-opacity":"","overlay-gradient":""},"mobile":{"background-color":"","background-image":"","background-repeat":"repeat","background-position":"center center","background-size":"auto","background-attachment":"scroll","background-type":"","background-media":"","overlay-type":"","overlay-color":"","overlay-opacity":"","overlay-gradient":""}},"ast-content-background-meta":{"desktop":{"background-color":"var(--ast-global-color-4)","background-image":"","background-repeat":"repeat","background-position":"center center","background-size":"auto","background-attachment":"scroll","background-type":"","background-media":"","overlay-type":"","overlay-color":"","overlay-opacity":"","overlay-gradient":""},"tablet":{"background-color":"var(--ast-global-color-4)","background-image":"","background-repeat":"repeat","background-position":"center center","background-size":"auto","background-attachment":"scroll","background-type":"","background-media":"","overlay-type":"","overlay-color":"","overlay-opacity":"","overlay-gradient":""},"mobile":{"background-color":"var(--ast-global-color-4)","background-image":"","background-repeat":"repeat","background-position":"center center","background-size":"auto","background-attachment":"scroll","background-type":"","background-media":"","overlay-type":"","overlay-color":"","overlay-opacity":"","overlay-gradient":""}}},"product_brand":[],"product_cat":[40,41,33],"product_tag":[44,45,42,46,47,43],"class_list":{"0":"post-84","1":"product","2":"type-product","3":"status-publish","4":"has-post-thumbnail","6":"product_cat-del-recuerdo","7":"product_cat-pequena-lulu","8":"product_cat-posavasos","9":"product_tag-anita","10":"product_tag-beto","11":"product_tag-lulu","12":"product_tag-pequena-lulu","13":"product_tag-serie-del-recuerdo","14":"product_tag-toby","15":"desktop-align-left","16":"tablet-align-left","17":"mobile-align-left","19":"first","20":"instock","21":"shipping-taxable","22":"purchasable","23":"product-type-simple"},"uagb_featured_image_src":{"full":["https:\/\/tiendanakama.cl\/wp-content\/uploads\/2026\/05\/posavasos-lulu.jpg",2133,2133,false],"thumbnail":["https:\/\/tiendanakama.cl\/wp-content\/uploads\/2026\/05\/posavasos-lulu-150x150.jpg",150,150,true],"medium":["https:\/\/tiendanakama.cl\/wp-content\/uploads\/2026\/05\/posavasos-lulu-300x300.jpg",300,300,true],"medium_large":["https:\/\/tiendanakama.cl\/wp-content\/uploads\/2026\/05\/posavasos-lulu-768x768.jpg",768,768,true],"large":["https:\/\/tiendanakama.cl\/wp-content\/uploads\/2026\/05\/posavasos-lulu-1024x1024.jpg",1024,1024,true],"1536x1536":["https:\/\/tiendanakama.cl\/wp-content\/uploads\/2026\/05\/posavasos-lulu-1536x1536.jpg",1536,1536,true],"2048x2048":["https:\/\/tiendanakama.cl\/wp-content\/uploads\/2026\/05\/posavasos-lulu-2048x2048.jpg",2048,2048,true],"mailpoet_newsletter_max":["https:\/\/tiendanakama.cl\/wp-content\/uploads\/2026\/05\/posavasos-lulu-1320x1320.jpg",1320,1320,true],"woocommerce_thumbnail":["https:\/\/tiendanakama.cl\/wp-content\/uploads\/2026\/05\/posavasos-lulu-300x300.jpg",300,300,true],"woocommerce_single":["https:\/\/tiendanakama.cl\/wp-content\/uploads\/2026\/05\/posavasos-lulu-600x600.jpg",600,600,true],"woocommerce_gallery_thumbnail":["https:\/\/tiendanakama.cl\/wp-content\/uploads\/2026\/05\/posavasos-lulu-100x100.jpg",100,100,true]},"uagb_author_info":{"display_name":"RODRIGO ALONSO BAEZA MORALES","author_link":"https:\/\/tiendanakama.cl\/?author=0"},"uagb_comment_info":0,"uagb_excerpt":"Posavasos madera Estampados con sublimaci\u00f3n Ilustraciones Lul\u00fa, Toby, Anita, Beto. De la Serie Peque\u00f1a Lul\u00fa.","jetpack_sharing_enabled":true,"_links":{"self":[{"href":"https:\/\/tiendanakama.cl\/index.php?rest_route=\/wp\/v2\/product\/84","targetHints":{"allow":["GET"]}}],"collection":[{"href":"https:\/\/tiendanakama.cl\/index.php?rest_route=\/wp\/v2\/product"}],"about":[{"href":"https:\/\/tiendanakama.cl\/index.php?rest_route=\/wp\/v2\/types\/product"}],"replies":[{"embeddable":true,"href":"https:\/\/tiendanakama.cl\/index.php?rest_route=%2Fwp%2Fv2%2Fcomments&post=84"}],"wp:featuredmedia":[{"embeddable":true,"href":"https:\/\/tiendanakama.cl\/index.php?rest_route=\/wp\/v2\/media\/85"}],"wp:attachment":[{"href":"https:\/\/tiendanakama.cl\/index.php?rest_route=%2Fwp%2Fv2%2Fmedia&parent=84"}],"wp:term":[{"taxonomy":"product_brand","embeddable":true,"href":"https:\/\/tiendanakama.cl\/index.php?rest_route=%2Fwp%2Fv2%2Fproduct_brand&post=84"},{"taxonomy":"product_cat","embeddable":true,"href":"https:\/\/tiendanakama.cl\/index.php?rest_route=%2Fwp%2Fv2%2Fproduct_cat&post=84"},{"taxonomy":"product_tag","embeddable":true,"href":"https:\/\/tiendanakama.cl\/index.php?rest_route=%2Fwp%2Fv2%2Fproduct_tag&post=84"}],"curies":[{"name":"wp","href":"https:\/\/api.w.org\/{rel}","templated":true}]}}